e the greatest common divisor of 6867 and 18396.
63
What is the greatest common factor of 2247 and 3507?
21
Calculate the greatest common divisor of 122988 and 13172.
148
What is the highest common factor of 9604 and 15988?
28
What is the greatest common factor of 764 and 29?
1
What is the greatest common factor of 169 and 611?
13
What is the highest common factor of 5604 and 2724?
12
What is the greatest common divisor of 5705 and 168?
7
Calculate the highest common factor of 719481 and 21.
21
Calculate the highest common divisor of 345 and 2377050.
345
Calculate the highest common factor of 2117318 and 14.
14
What is the highest common divisor of 44 and 2563814?
22
What is the greatest common factor of 6025 and 51333?
241
What is the greatest common factor of 48 and 1289544?
24
What is the greatest common divisor of 84 and 51564?
12
What is the greatest common divisor of 305925 and 2725?
25
What is the highest common divisor of 234 and 9102?
6
Calculate the greatest common divisor of 260987 and 1.
1
What is the greatest common factor of 15816 and 696?
24
What is the highest common factor of 110880 and 7260?
660
Calculate the greatest common divisor of 1650 and 48970.
10
What is the greatest common divisor of 34444 and 553?
79
What is the highest common factor of 3056 and 46413?
191
What is the highest common factor of 9 and 443754?
9
Calculate the greatest common divisor of 37516 and 1130.
226
What is the highest common divisor of 286 and 22412?
26
What is the highest common divisor of 2951 and 1144?
13
Calculate the highest common factor of 43020 and 239.
239
What is the highest common divisor of 6156 and 874?
38
Calculate the highest common divisor of 77604 and 1508.
116
What is the greatest common divisor of 2822 and 15504?
34
What is the highest common divisor of 1060455 and 330?
165
Calculate the highest common factor of 221520 and 2730.
390
What is the greatest common divisor of 32 and 13592?
8
Calculate the greatest common factor of 2489 and 9301.
131
Calculate the greatest common factor of 4239 and 28731.
471
What is the greatest common divisor of 11189636 and 124?
124
What is the highest common factor of 7464 and 2568?
24
Calculate the highest common factor of 4295 and 121978.
859
What is the greatest common divisor of 39790 and 460?
230
What is the greatest common divisor of 399 and 783636?
399
Calculate the greatest common factor of 63494 and 8985.
599
What is the greatest common divisor of 171 and 30837?
57
What is the greatest common factor of 27 and 517239?
27
Calculate the highest common divisor of 2486022 and 84.
42
Calculate the highest common factor of 160 and 65420.
20
What is the highest common divisor of 1301306 and 346?
346
Calculate the greatest common divisor of 358656 and 5120.
256
What is the greatest common factor of 3294 and 54?
54
What is the greatest common factor of 2747088 and 432?
432
What is the greatest common factor of 48642 and 25326?
402
What is the greatest common factor of 1848 and 5306?
14
Calculate the highest common divisor of 664928 and 10208.
352
Calculate the greatest common factor of 945 and 28.
7
What is the highest common divisor of 51 and 7010103?
51
Calculate the highest common factor of 448110 and 60.
30
What is the greatest common divisor of 46 and 1894349?
23
What is the highest common divisor of 190 and 4330100?
190
What is the greatest common divisor of 1588735 and 85?
85
Calculate the greatest common factor of 217452 and 132.
12
What is the highest common divisor of 50272 and 32?
32
Calculate the highest common factor of 341 and 1302961.
341
Calculate the greatest common divisor of 19305 and 1215.
135
What is the highest common factor of 512 and 1008?
16
What is the greatest common factor of 26128 and 16744?
184
Calculate the highest common divisor of 28 and 747572.
28
What is the greatest common factor of 486 and 664038?
162
Calculate the greatest common divisor of 50 and 1034925.
25
What is the highest common divisor of 91126 and 112?
14
What is the highest common factor of 12562 and 2354?
22
What is the greatest common divisor of 549805 and 5?
5
What is the highest common factor of 4150 and 72350?
50
Calculate the highest common divisor of 36 and 26289.
9
Calculate the highest common divisor of 502608 and 80.
16
What is the highest common divisor of 1907629 and 53?
53
Calculate the highest common divisor of 3360 and 1204350.
210
What is the highest common factor of 49 and 172?
1
Calculate the greatest common divisor of 159 and 2010979.
53
Calculate the highest common divisor of 6405151 and 43.
43
What is the highest common divisor of 41 and 71217?
41
What is the greatest common divisor of 256 and 188384?
32
Calculate the highest common divisor of 429 and 11451.
33
Calculate the greatest common divisor of 462 and 125565.
33
Calculate the highest common divisor of 16 and 3365744.
16
Calculate the greatest common divisor of 855322 and 15678.
1742
What is the greatest common factor of 28 and 277788?
28
What is the greatest common divisor of 63990 and 6480?
810
What is the highest common factor of 183 and 1029741?
183
What is the highest common divisor of 352 and 2134?
22
What is the highest common divisor of 77 and 476392?
7
Calculate the highest common divisor of 12752 and 3832.
8
What is the greatest common factor of 111 and 17538?
111
Calculate the greatest common divisor of 1191036 and 42.
42
Calculate the greatest common factor of 1803 and 192.
3
What is the highest common divisor of 6923 and 7525?
301
What is the greatest common factor of 19505 and 56635?
235
What is the highest common factor of 1733863 and 218?
109
What is the highest common divisor of 2863 and 175?
7
What is the greatest common divisor of 733441 and 27069?
1289
Calculate the greatest common factor of 66968 and 352.
88
Calculate the highest common divisor of 1287 and 37908.
117
Calculate the greatest common divisor of 40 and 631560.
40
Calculate the highest common factor of 303 and 747.
3
What is the greatest common factor of 835 and 85?
5
Calculate the highest common factor of 6754 and 66.
22
What is the highest common factor of 38 and 23?
1
Calculate the greatest common divisor of 3212140 and 790.
790
Calculate the highest common factor of 388 and 92441.
97
What is the highest common divisor of 180 and 1881?
9
Calculate the highest common divisor of 46164 and 48.
12
Calculate the highest common divisor of 140940 and 1836.
108
What is the highest common factor of 461622 and 15834?
1218
Calculate the highest common factor of 84807 and 349.
349
What is the greatest common divisor of 14 and 106442?
14
Calculate the greatest common factor of 12 and 366726.
6
Calculate the highest common factor of 1032 and 247938.
258
What is the highest common factor of 201825 and 4095?
585
Calculate the highest common factor of 28251 and 903.
129
Calculate the greatest common factor of 17008 and 120.
8
Calculate the highest common factor of 88694 and 122.
122
Calculate the greatest common factor of 18 and 20421.
9
What is the greatest common divisor of 675 and 18090?
135
What is the highest common divisor of 1841 and 8?
1
What is the greatest common divisor of 120 and 787000?
40
Calculate the greatest common divisor of 1568880 and 70.
10
Calculate the greatest common divisor of 49158 and 594.
18
Calculate the greatest common divisor of 1013010 and 495.
15
What is the highest common divisor of 530 and 37418?
106
Calculate the highest common factor of 10752 and 3408.
48
What is the highest common divisor of 1307624 and 5066?
298
What is the greatest common factor of 34379 and 62?
31
Calculate the highest common factor of 400037 and 287.
41
Calculate the highest common factor of 1164 and 552124.
388
What is the greatest common factor of 320850 and 2115?
45
Calculate the greatest common divisor of 27 and 23508.
9
What is the greatest common divisor of 5371 and 108861?
131
What is the highest common factor of 127 and 802386?
127
What is the greatest common factor of 40131 and 72?
9
What is the highest common factor of 8256 and 32064?
192
What is the highest common divisor of 20 and 907?
1
What is the highest common divisor of 5100 and 39300?
300
What is the highest common factor of 341410 and 10?
10
Calculate the highest common fac